4. Let p be -6 + (-20)/15*9/(-2). Suppose -16*r - 398 + 398 = p. Calculate h(r).
-4
Let f = -6656 - -6669. Let x(u) = 7*u - 92. Give x(f).
-1
Let q(t) = 28*t + 11. Let z(u) = -32*u - 9. Let y(b) = 4*q(b) + 5*z(b). What is y(-1)?
47
Let m(v) = 20 - 9 - 5 + 82*v + 1. Let l(t) = -126*t - 11. Let o(k) = 5*l(k) + 8*m(k). Determine o(1).
27
Let r(b) = -16*b - 96. Let i be r(-7). Suppose 18*x = s + i*x - 9, -3*s + x + 17 = 0. Let k(g) = 2*g - 5. Determine k(s).
5
Let l(d) = -8*d - 3. Suppose 0 = 5*z + 3*p + 6, -2*z = -6*z - 5*p + 3. Let a(u) = -3*u. Let c(b) = z*a(b) + l(b). What is c(5)?
2
Let l(p) = p**3 - 3*p**2 - 2*p + 1. Suppose 0 = -3*g + 10*g - 518. Suppose 26 = 25*q - g. Give l(q).
9
Let m = -1387 - -1513. Suppose 132*n = m*n - 18. Let d(a) be the second derivative of a**5/20 + a**4/4 + a**3/3 - 2*a. Calculate d(n).
-6
Let s(m) be the second derivative of m**5/20 - 17*m**4/12 + 31*m**3/6 - 15*m**2/2 - 1548*m. Give s(15).
0
Let x = -1372 + 640. Let j = x - -731. Let b(c) = -3*c**2 - 3*c - 3. What is b(j)?
-3
Let j = 7 + 13. Suppose -5*c = -5*i + 4*i - 25, i + j = 4*c. Let l(s) = 12*s + 5 - 11*s - s**2 + 6. Determine l(i).
11
Let t = 0 + 54. Let j = t - 27. Suppose -z = -q + 8 + 1, -5*q - z + j = 0. Let k(y) = -y**3 + 7*y**2 - 7*y + 7. Calculate k(q).
1
Let j be ((-12)/(-10))/(390/2600). Let t = 3 - -2. Let n(x) = 5*x**2 + 23*x + 4. Let i(l) = -3*l**2 - 15*l - 3. Let s(z) = j*i(z) + t*n(z). Determine s(6).
2
Let k(p) be the first derivative of 7*p**2 - 10*p - 8270. Calculate k(1).
4
Let q(n) be the third derivative of -n**6/120 + n**5/15 + 5*n**4/24 - 96999*n**2. Let j be (-11)/(-2) + 1/(-2). Determine q(j).
0
Let h(k) = -6 + 5*k + 18 + 30 + 14 + 9. What is h(-14)?
-5
Let m = 32 + -31. Let v(h) = -2*h**3 - h**2 - 4*h - 2. Let f(o) = o**3 + o**2 + o + 1. Let d(z) = m*v(z) + 3*f(z). Suppose 5*r = -10 - 5. Determine d(r).
-5
Let z(h) = h**2 + 25. Suppose 4*w + 14 - 66 = 4*c, -2*w = -10. Let t be (0/(-1))/((-12)/(-96)*c). Determine z(t).
25
Let o(k) = -k**3 + 5*k**2 + 7*k. Let x be (-138)/3*30/(-12) + 4. Suppose x = 17*l + 17. Calculate o(l).
6
Let a(s) be the first derivative of 1/3*s**3 + 57 + 0*s - 1/2*s**2 - s**4. Let p = 2 - 1. Determine a(p).
-4
Let w be 4 - -3 - (-8 - (-6 + -1)). Let f(s) = s**3 - 10*s**2 + 15*s + 16. Determine f(w).
8
Suppose 3*f - 9 = 0, -2*d - 22 - 57 = -f. Let r = d - -44. Let c(u) = 28*u - r - 3 - 25*u. What is c(6)?
9
Let r(m) be the first derivative of 5*m**2/2 + 2*m + 11. Let b(g) = g**2 + 10*g - 26. Let d = 0 - 12. Let j be b(d). Calculate r(j).
-8
Let h(i) = i**2 - 7*i - 1. Let p(b) = 2*b**3 - 33*b**2 - 15*b - 30. Let x be p(17). Suppose -5*z + 2*k + 50 = 0, x*z + 5*k - 3 - 4 = 0. Determine h(z).
7
Let b(q) = -3*q - 51. Let w(r) = -3*r**3 + 47*r**2 - 37*r + 81. Let f be w(15). Give b(f).
21
Suppose 2*b = -y - 0*b + 204, 3*y = -3*b + 603. Suppose -11*l + 5*l = -y. Suppose -7*c - 30 = l. Let t(n) = n**3 + 9*n**2 + n + 6. Determine t(c).
-3
Suppose -1441 - 998 = -9*s. Let h = 262 - s. Let q(r) = -3*r - 21. Give q(h).
6
Let z(y) = -19*y**2 + 564 - 278 + 20*y**2 - 7*y - 283. Suppose -2 = -4*w - 18. Let b be (-13)/(-2) - (-2)/w. Calculate z(b).
-3
Let p = -22 + 11. Let x = -14 - p. Let t(o) = -6 + 2 - 2*o + o. Calculate t(x).
-1
Suppose -5*p + 3*z = -265, -4*p - 6*z + 8*z = -214. Let c(i) = 18*i - p*i - 14 + 39*i. Calculate c(12).
-2
Let z be ((-8)/10)/((-4)/10). Let s(m) = 3*m**z + 108*m**3 + 0*m + 4 - 109*m**3 - 2*m. Determine s(3).
-2
Let k(t) = -13*t + 1. Let g(z) = -13*z**2 + 22*z**2 - z**2 + 4*z + 1 - 9*z**2. Let f be g(4). Determine k(f).
-12
Let m(b) = b**3 + b**2 + b + 16. Let q be m(0). Let i(n) = -n**3 + 15*n**2 + 15*n + 20. Let t be i(q). Let w(a) = 3*a - 1. Determine w(t).
11
Let y be 6*((-2613)/(-117))/67. Let i(g) = -5*g**3 + 1 - 8*g**2 + 4*g**3 + 6*g**2. Calculate i(y).
-15
Suppose r - 3*r = -12. Suppose -5 = -x - 2, -4*f - 4*x = -20. Let w(h) = 6*h - 8*h**f - 8*h**2 - 9 + h**2 + 14*h**2. Calculate w(r).
-9
Let x be (-7)/((-147)/4228)*(-6)/(-4). Let j = x + -310. Let k(t) = 3*t - 8. Calculate k(j).
-32
Let b(q) = -q**2 - 5*q + 19. Let s be b(-8). Suppose -42 = -8*i + 2*i. Let c(z) = -z**3 - 4*z**2 + 0*z - z - 11 + i. Calculate c(s).
26
Let f(h) = -2*h - 10. Suppose 204*t = 196*t - 56. Determine f(t).
4
Suppose -18*y + 125 = 17. Suppose -n + 4*q = -y*n + 22, -2*n + q + 1 = 0. Let f(d) = d**3 - 3*d**2 + 3*d - 3. Give f(n).
-1
Let l(h) = -10*h + 4 + 0*h**2 - 5 + 2*h**2 + 3*h. Suppose -2*r = 4*s - 526, -r - 56 = -2*s + 217. Let o = -129 + s. What is l(o)?
14
Let a(q) = -q**3 + 3*q**2 + 3*q - 2. Let m(z) = z**2 + 6*z - 1076. Let r be m(30). Determine a(r).
-6
Let t(f) = f**2 - 2 - 103*f - 103*f - 100*f + 313*f. Let i = -55 + 37. Let s = i + 10. Give t(s).
6
Let o(w) = 2*w + 59. Let v(c) = c + 27. Let p(f) = -6*o(f) + 13*v(f). Let t(h) = h**2 + 1. Let x be t(-1). Let u = x + 3. Calculate p(u).
2
Let o(r) = 864*r**3 + 871*r**3 - 10*r**2 + 864*r**3 + 6 + 25*r - 2600*r**3. What is o(-12)?
-6
Let p(x) = x**3 + 6*x**2 - 8*x + 3. Let u = 5386 + -5392. What is p(u)?
51
Suppose 5*o - 4 = q, 2*q - 3*q = 3*o + 4. Suppose -j = g + 2*j - 7, 0 = g + j - 3. Let p(l) = -g + l + 1 + 4 + 6. Determine p(o).
10
Let a(t) be the first derivative of -t**3/3 + 11*t**2/2 - t + 32. Let g be (202/22 - 16/88) + 1. Calculate a(g).
9
Let x(u) be the third derivative of -5*u**4/8 - 25*u**3/2 - u**2 - 3*u + 3. Give x(-7).
30
Let h(r) = r**2 + r - 4. Suppose -4*b + 34 - 18 = 0. Suppose m = -b*l + 8, 2*l - 8 = -0*l. Calculate h(m).
52
Suppose -28*m + 25*m - 2*q + 41 = 0, 14 = 2*m - 2*q. Let z(n) = 36*n**2 + n - 26*n**2 + 7 + 8*n - n**3. What is z(m)?
-15
Let m(x) = x**2 - x + 2. Let p(t) = 2*t**2 - 10*t - 11. Let l be p(9). Let y = l + -44. Suppose -z + y = 20. What is m(z)?
14
Suppose m - 5 = p, 4*m - 5*p + 0 = 18. Let q(x) = -5*x + 13*x + 0 - 6 - m*x. Calculate q(5).
-1
Let l be -1*(-5)/5*3. Suppose 9*s + l - 3 = 0. Let j(x) = x**2 - x - 15. Determine j(s).
-15
Let g(l) = -341*l + 107*l - 10 + 117*l + 118*l. Let z(v) = v**3 - 8*v**2 + 9*v - 10. Let x be z(7). Calculate g(x).
-6
Let q(b) = -5*b**3 + 14*b**2 - 17*b + 102. Let g(h) = -h**3 + 3*h**2 - 4*h + 23. Let s(f) = -9*g(f) + 2*q(f). What is s(2)?
-3
Let l(f) = -2*f - 4 - 2*f + 2*f + 3*f. Let k = -21 - -9. Let b be 5*1 - (-11 - k). Determine l(b).
0
Let s(l) = l**2 + 7 - 5*l - l + 0*l. Suppose 7*j + 6 = 4*j, 0 = -7*g - 4*j + 41. Give s(g).
14
Let x(t) = -t**3 + 4*t - 1. Suppose -36*g + 950 = -34*g. Let r = -478 + g. Calculate x(r).
14
Let s(m) = -m - 2. Suppose -11*n + 14*n - 12 = 0. Suppose -5*j + 2 = -108. Let z be 4/j - (n + 13/11). Determine s(z).
3
Suppose -2*j = 2*p + 28, j + 2*p - 7*p = -20. Let o be (1/3)/(j/45). Let k(g) = -29*g - 1. Give k(o).
28
Let b(c) = -c - 28. Let z(f) = -1. Suppose 0 = x + 3*u + 6, -5*u = 2*x - 4*u + 12. Let m(p) = x*z(p) + b(p). Calculate m(0).
-22
Let y(b) = -38*b**3 - 11*b**2 + 4*b - 29. Let f(r) = 39*r**3 + 8*r**2 - 3*r + 22. Let x(a) = -4*f(a) - 3*y(a). Determine x(-1).
42
Suppose 3*y = -2*j - 64 + 70, 3*j - 9 = -2*y. Let w(l) be the second derivative of 0 + 2/3*l**j - 35*l + 3*l**2. Calculate w(-4).
-10
Let l be -9 - 3*(-5)/(-15). Let h(g) = -g**3 - 8*g**2 + 21*g - 11. Give h(l).
-21
Let t(p) be the third derivative of 16*p**2 + 5/2*p**3 + 0*p + 1/360*p**6 + 5/12*p**4 - 1/12*p**5 + 0. Let a(d) be the first derivative of t(d). Determine a(8).
-6
Let q(b) = 3*b + b - 1497118 + 1496988. Determine q(25).
-30
Let x(o) = -5*o + 146. Let a(l) = 11*l - 334. Let u(d) = -4*a(d) - 9*x(d). Determine u(13).
35
Let j be (-25)/((-150)/(-84))*174/(-21). Suppose -j = 22*s - 160. Let n(u) = 7*u - 2. Let t(h) = 14*h - 4. Let f(a) = 13*n(a) - 6*t(a). Calculate f(s).
12
Suppose 6*y = 2*y + 28. Let w(t) = t**2 - 19*t + 52. Let d be w(16). Let q(z) = -d*z + 3*z - 478 + 481. What is q(y)?
-4
Let a(x) = x**3 + 7*x**2 - 4. Let y(f) = -f**2 - 11*f + 44. Let j be y(-13). Suppose -5*t + j = -4*c, -5*c - 44 - 1 = 5*t. What is a(c)?
-4
Let p(w) = 224*w**3 + 119*w**2 + 2121*w - 91. Let l(h) = 15*h**3 + 8*h**2 + 140*h - 6. Let n(m) = 91*l(m) - 6*p(m). Determine n(-1).
-21
Let a(x) = 298422 + 2*x - 298393 - 3*x. Calculate a(4).
25
Let q(y) = 2*y**2 - 5*y. Suppose -128*d + 910 = -121*d. Let c be (1/(-1)*-1)/(d/520). Give q(c).
12
Let h(v) = v**2 - 5*v + 15. Let o be ((-9)/3)/(-3)